3
Let f be 95/30 + (-4)/24. Let c(v) = -v**3 - 7 - f*v**2 - 4*v - 1 + 5. Give c(-3).
9
Let j(l) be the third derivative of l**6/120 - 3*l**5/20 + l**4/4 + 5*l**3/3 - 68*l**2 - 1. Calculate j(8).
-6
Let q = -128 - -148. Let u = -24 + q. Let c(k) = -4*k + k**2 - 3 - 2*k**2 - 1. Calculate c(u).
-4
Let d(l) be the third derivative of 0*l - 1/60*l**5 + 0*l**3 + 0 - 1/4*l**4 + l**2. Let g(v) = -3*v**3 - 5*v**2 + 3*v - 1. Let x be g(1). Calculate d(x).
0
Let a(c) be the first derivative of c**3/3 - 2*c**2 - 7*c + 30. Give a(5).
-2
Let r(y) = -2*y + 3*y - 3*y - 1. Suppose 16*p + 5*p = -21. Determine r(p).
1
Let c(x) = 11*x**3 + x. Let o(y) be the first derivative of -y**2/2 + 9*y + 2. Let s be o(7). Suppose s = -5*i + 7. What is c(i)?
12
Let t(k) = -6*k + 115 - 35 - 37 - 39. What is t(2)?
-8
Let j(i) = 5*i**3 - 7*i**2 + 9*i + 3. Let a(d) = 9*d**3 - 15*d**2 + 19*d + 4. Let n(m) = 4*a(m) - 7*j(m). Determine n(10).
25
Let a be (-4)/(-18) - 38555/(-45)*1. Let o(s) = a*s**3 - 8 - 2*s**2 - 5*s**2 - 8*s - 858*s**3. Give o(-6).
4
Let d(g) = g**2 + g - 4. Let a(c) = 4*c**2 + 9*c - 19. Let l(y) = -a(y) + 3*d(y). What is l(-6)?
7
Let g(i) = 3*i + 7. Suppose 12 = -t + 5*d + 6, 2*t - d + 12 = 0. What is g(t)?
-11
Let w(h) = -h**3 - 4*h**2 + 3*h - 3. Let p be w(-5). Let r(g) be the third derivative of -g**5/60 + g**4/3 + 11*g**2 + 24*g. Calculate r(p).
7
Let n(h) = -h**2 - h + 1. Suppose 4*f + 18 = -2*c, -c - 3*c - 4 = 0. Let i be (-10)/(-12) - f/24. What is n(i)?
-1
Let a(t) = t**2 + 5*t + 2. Let j(w) be the first derivative of -w**4/4 - 10*w**3/3 - 9*w**2/2 + 3*w - 6. Let s be j(-9). Let z be (1 + -3)*s/2. Determine a(z).
-4
Suppose 0 = 190*q - 196*q + 54. Let d(x) = 2*x**2 - 18*x - 5. What is d(q)?
-5
Let q(c) = c**2 - 8*c + 6. Let u(k) = -4*k - 23. Suppose -5*j - 42 = j. Let y be u(j). Determine q(y).
-9
Suppose 4*j + 15 = j. Let u(n) be the third derivative of n**6/360 + n**5/30 - n**4/12 + 8*n**2. Let w(k) be the second derivative of u(k). What is w(j)?
-6
Let b(j) be the second derivative of j**4/12 - j**3/3 + j**2 + 5*j. Let l(o) = -o**3 - 3*o**2 - 3*o - 7. Let m be l(-3). Suppose -m*n + 4 = -n. What is b(n)?
10
Let k(p) = p**3 - 3 + p**2 + 5*p**3 - p**3 + 6 + p - 2. Determine k(-1).
-4
Let q(v) = -6*v**2 + 30*v - 37. Let w be q(2). Let f be ((-12)/5 - -2)*-5. Let s(n) = 1 + 2*n**2 + 0*n**f + n - 9*n**2. Determine s(w).
-7
Let j(a) = 1 + 3 + a**2 + a**2 - 18*a + 26*a. Determine j(-4).
4
Let g = -12 + 10. Let n(u) = 9*u + 6. Let h(m) = -m - 1. Let a(t) = -6*h(t) - n(t). What is a(g)?
6
Let k(q) = -3*q**3 + 2*q**2 + q. Let p be k(-1). Suppose 0 = -p*t - x - 10, -3*x = -t + 5*t + 6. Let z(d) = -3*d**2 - 3*d + 2. Determine z(t).
-16
Let x(u) = 10 - 3*u + 8*u - 7*u + 5*u - 2*u. Determine x(-10).
0
Let s be (-190)/(-30) - (-2)/(-6). Let q(b) = -11*b**2 - 27*b + 11. Let p = 13 - 26. Let i(u) = 5*u**2 + 13*u - 5. Let n(m) = p*i(m) - 6*q(m). What is n(s)?
-7
Suppose 7*q - 2*q - 25 = 0. Let s(x) = -7*x**2 + 3*x + 4 - 9*x - q*x**3 + x**2 + 4*x**3. Let j = -1 - 4. Give s(j).
9
Let j(s) = -7*s + 1. Let f(d) = d + 1. Let c(b) = 2. Let x(m) = 2*c(m) - 3*f(m). Let v(a) = 4*j(a) - 9*x(a). Calculate v(-8).
3
Let v(m) = 13*m**3 - 54*m**2 - 13*m + 33. Let c(y) = -3*y**3 + 13*y**2 + 3*y - 8. Let x(h) = -9*c(h) - 2*v(h). Give x(9).
-3
Let d(l) = 22*l - 207. Let b be d(9). Let g(s) = -s - 21. What is g(b)?
-12
Suppose -11*r + 103 = 92. Let f(x) = -6*x**2 - 3*x + 2. What is f(r)?
-7
Suppose 2*r = -5*j + 23 + 7, 2*r - 3*j = -2. Let d(p) = r - 6*p - p**2 - 2*p + 4*p. Let v be -2 - (3 - (1 + -2)). Calculate d(v).
-7
Let i(m) = -m**3 - 7*m**2 - 7*m - 6. Let j(x) = 9*x - 78. Let z be j(8). What is i(z)?
0
Let n(f) be the first derivative of -7/2*f**2 + 5 + 0*f + 0*f**4 - 1/60*f**5 + 0*f**3. Let a(u) be the second derivative of n(u). What is a(-2)?
-4
Let s(p) = 2*p**3 - 8*p**2 + 2*p + 3. Let o = -883 + 886. Calculate s(o).
-9
Let l(s) = s + 1. Let q(y) = -4*y - 3. Let z(g) = 5*l(g) + q(g). Let k = -63 - -68. Calculate z(k).
7
Let w(l) be the first derivative of l**3/3 + l + 1. Let o(r) = r**3 - 23*r**2 - 25*r + 22. Let k be o(24). What is w(k)?
5
Let p(a) = a - 3. Let w be p(7). Suppose 0*i - 1 = -5*j + 3*i, 3*j + 6 = w*i. Let b(t) = -3 - 4*t - t**3 - 6*t**2 + 9*t**j - 7*t**2. What is b(-4)?
13
Let n(b) = 2*b - 2. Let k be n(4). Let v(i) = i**3 - 10*i**2 + 8*i - 3. Let j(h) = h**2 - h + 1. Let q = 2 - 5. Let z(g) = q*j(g) - v(g). What is z(k)?
6
Let y(u) = 0*u**2 + 5*u**2 - 4*u**2 + 9*u. Let i(b) = -207*b - 1662. Let m be i(-8). What is y(m)?
-18
Let z(d) = -2*d**2 + 4*d. Suppose 15*x - 2*n - 34 = -0*n, 2*x + 2 = -3*n. Calculate z(x).
0
Let z(w) = w**3 + w + 1. Suppose h = a + 24, -3*h = -0*h + a - 52. Let p = h + -21. Determine z(p).
-9
Let q(x) = x**3 - 4*x**2 + 6*x - 10. Let k be q(2). Let z(g) = g**2 + 4*g - 1. Calculate z(k).
11
Let i(n) be the second derivative of n**3/6 - n**2 + 7*n. Let z(w) = 3*w. Let v(a) = -7*a. Let d(o) = -2*v(o) - 5*z(o). Let y be d(-3). Determine i(y).
1
Let l(k) = k**3 + 3*k**2 + 3*k + 3. Suppose 5*r + 75 = -0*r. Let s be (-11)/5 + (-3)/r. Give l(s).
1
Let n be 11/(-33) + (-182)/(-6). Let t = n - 37. Let m(d) = -2*d - 6. Calculate m(t).
8
Let u(d) be the third derivative of d**4/3 + 13*d**3/6 - 52*d**2. Determine u(-3).
-11
Let d(o) be the second derivative of o**5/20 + o**4/2 - o**3/3 - 5*o**2/2 + 2*o + 17. Let l(k) = -k**3 - 3*k**2 + 6*k + 2. Let f be l(-4). Calculate d(f).
7
Let p(v) = -v - 4 - 1 + 2. Let t = 9 - 2. Let y(o) = -o**3 + 8*o**2 - 6*o - 2. Let b be y(t). Give p(b).
-8
Let h(q) = -17*q - 16. Let k(j) = -3. Let p(d) = h(d) - 5*k(d). Determine p(-2).
33
Let w be (1/(-2))/((-1)/10). Let j(n) = 13 - n**2 - w - n - 7. Give j(4).
-19
Suppose o - 6 = -5*p + 1, 0 = -4*p + 2*o + 14. Suppose -3*a = 5*z - 14, -p*z + 0*a - 2*a + 8 = 0. Let g(y) = 3*y**2 + 2*y - 1. Calculate g(z).
4
Let h be 3*6/(-30) - (-26)/10. Let y(c) = 9 + 66*c**h - c - 58*c**2 + 0 + c**3 + 2*c. Determine y(-8).
1
Let k be ((-12)/10)/(13 + (-1397)/110). Let j(u) be the third derivative of -u**6/120 - u**5/30 + 7*u**4/24 + 5*u**3/6 - 2*u**2. Calculate j(k).
9
Suppose 19 + 1 = 5*t. Suppose 5*k = -4*z + 32, -3*z + 28 - t = 4*k. Let v(a) = a**2 - 7*a - 11. Give v(z).
-3
Let m(j) be the third derivative of -j**6/60 - j**5/30 + j**4/24 + j**2. Let i(v) = v**3 - 2*v**2 + 3*v - 5. Let d be i(2). Calculate m(d).
-3
Let x(p) = -p**2 + 8*p + 1. Let m(a) = -5*a**2 - 4*a + 3. Let k be m(2). Let t be (-10)/k + 66/10. Determine x(t).
8
Let k(v) = -5*v + 32. Let j(i) = i - 8. Let x(t) = 9*j(t) + 2*k(t). Give x(-6).
-2
Let g(j) = -j**2 + 292*j + 1 + 299*j - 593*j. What is g(3)?
-14
Let m(j) = 5*j + 17. Let u(h) = -2*h - 8. Let x(z) = -3*m(z) - 5*u(z). Let f(l) = -3*l - 6. Let n(q) = 7*f(q) - 4*x(q). Give n(-6).
8
Let r(b) = -2*b + 5. Let l(y) = -3*y + 1. Let i(j) = l(j) - r(j). Calculate i(4).
-8
Let o(d) = -6*d - 84. Let l be o(-13). Let n(a) = -a. Determine n(l).
6
Let s(d) be the second derivative of d**4/4 + 7*d**3/6 - 3*d**2/2 + 3*d. Let m(o) = 4*o**2 + 7*o - 4. Let p(f) = -4*m(f) + 5*s(f). Suppose l + 3 = 9. Give p(l).
7
Let p(m) = -2*m**3 + 3*m**2 + 5*m + 11. Let v(n) = -n**3 + 2*n**2 + 3*n + 6. Let j(t) = -3*p(t) + 5*v(t). Suppose -4*b - 3*b = -0*b. Determine j(b).
-3
Let g(l) = 2 + 29*l - 68*l - 7*l**2 + 42*l. Determine g(-1).
-8
Let m(a) = 8*a - a**2 + 4 + 0 - 3 + 2. Let c(g) = -2*g**3 + 87*g**2 - 125*g - 36. Let q be c(42). Determine m(q).
15
Let f(r) be the third derivative of -r**6/720 - 17*r**5/120 + 11*r**4/24 + 13*r**2. Let s(v) be the second derivative of f(v). Give s(-9).
-8
Let r be (0 - -1)/(2 - 1). Suppose -n = r - 3. Let v(q) = -q**2 + 3*q - 5. Let l(b) = b**2 - 3*b + 6. Let u(x) = 4*l(x) + 5*v(x). Calculate u(n).
1
Let b(a) = a**3 - a**2 - 11. Let h(w) = w**3 - 4*w**2 - 6*w + 7. Let n be h(5). Suppose -4*t + 2*c = -n*c + 12, -12 = -2*t - 4*c. What is b(t)?
-11
Let s(x) = -x + 6. Let t be 1 - 2*(-2)/4. Suppose 4*u - 5*a = 1, u - 2 - t = 2*a. Calculate s(u).
12
Let z(a) = -3*a**2 + 3 - 312*a + a**2 + 3*a**2 + 306*a. Determine z(10).
43
Let f(l) = 2*l**2 - 3*l + 1. Let a(j) = -j**2 + j. Let o = -10 + 14. Let v(g) = o*a(g) + f(g). What is v(-2)?
-9
Let n(m) = -25 + m**2 + 17 - 2*m**2 - 10. Suppose 0 = -14*t - 0*t. Calculate n(t).
-18
Let l(n) = -n**3 + 5*n**2 + 4*n - 4. Let